4*r + 2. Suppose 5*q = 6*q + 5, 0 = g - q - 1. What is l(g)?
50
Let i(u) = u. Let q be (-868)/(-98) + (-1)/(-7). Let s be i(q). Suppose s = 16*m - 13*m. Let j(t) = -t**2 + 5*t + 1. Give j(m).
7
Let b(t) = 7*t + 6. Let c(f) = -f + 1. Let j(m) = b(m) + 6*c(m). Suppose 0 = -54*v + 45*v - 54. Give j(v).
6
Let h = 49 - 30. Let s = h - 14. Let r(p) be the second derivative of -p**4/12 + p**3/2 + 2*p**2 - 2*p. What is r(s)?
-6
Suppose -3*v = 2*v - 3*j, -2*j + 7 = -v. Suppose s - v + 17 = 3*l, -5*s - 22 = l. Let i(g) = 2*g**2 - 1 - 3 + 2*g - 3*g**3 + 2*g**3. Calculate i(l).
-7
Let g(f) = f - 5. Suppose 0 = -10*w + 5*w + 40. Let v be g(w). Let j(s) = -2*s**2 + s + 0 + 2 - 2*s**3 + v*s**3. Calculate j(2).
4
Suppose 4*m - 8*m + 20 = 0. Let z(n) = -n - 8 + 7 + 2*n**2 + m*n. What is z(-3)?
5
Let h(f) = 8*f + 3. Let k(r) = r**3 - 4*r**2 - 2*r - 4. Let d be k(5). Let q(i) = 15*i + 6. Let y(j) = d*h(j) - 6*q(j). Give y(-2).
1
Suppose 0 = 2*f - m + 3, -f - 22*m = -21*m. Let p(a) = -2*a**3 + a**2 + 2*a + 1. What is p(f)?
2
Let k(i) = -i**3 - 6*i**2 + 6*i + 8. Suppose 2 - 563 = 11*f. Let g = f + 44. Calculate k(g).
15
Let u(j) be the third derivative of j**4/24 - 4*j**3/3 + 3*j**2. Let m(i) = -4*i**3 + 2*i**2 - i - 2. Let n be m(-1). Determine u(n).
-3
Let a(x) = 9*x + 6. Let l(d) = -5*d - 3. Suppose 6 = m - 2*m. Let w(p) = m*a(p) - 11*l(p). Suppose 0 = 5*j - 6*j, 20 = 4*o + 2*j. Calculate w(o).
2
Suppose 6*u - 2*u = 0. Let l(i) be the second derivative of i**4/12 - 3*i**2 + 11*i + 57. Give l(u).
-6
Let r = -7 + 12. Suppose -r*a - 10 = 0, -4 = -k + a - 0. Let u(c) = -8 - c**2 + 1 + k*c**2 - 6*c. Give u(6).
-7
Let w(h) = h - 2. Let a(l) = 2*l - 8. Let y be a(6). Suppose -8*t = -y*t. Let c be (-4 - (t - 2))*-2. Give w(c).
2
Suppose l = -5*k - 27 - 12, 4*k = 0. Let c = l - -31. Let r(u) = u**2 + 7*u - 7. Calculate r(c).
1
Let o(s) = -31*s**2 + s - 2. Let r = -1335 - -1336. Determine o(r).
-32
Let m(f) = 2*f**2 - 9*f + 6. Let g be (4/5)/((-4)/(-30)). What is m(g)?
24
Let m(v) = 12*v**3 + v**2 - v + 1. Let g = -17 + 27. Suppose -4*h - 2 = -g. Suppose 5 = h*n + 3. What is m(n)?
13
Let v(q) be the second derivative of 1/6*q**3 - q**2 - 5*q + 0. Suppose -3*y + 3 = -g + 10, 3*g + 2*y - 10 = 0. Give v(g).
2
Let j = -3 - -6. Let x(n) = -6*n**2 + n + 4. Let i(p) = 17*p**2 - 4*p - 10. Suppose -163 = 18*l + 35. Let m(r) = l*x(r) - 4*i(r). Calculate m(j).
-7
Let p(a) = 2*a + 10. Let q = 62 + 9. Let d = q - 78. Calculate p(d).
-4
Suppose -3 = 3*d + 3. Let k(b) be the second derivative of -1/6*b**4 + 0 - 2/3*b**3 + 13*b - b**2. Give k(d).
-2
Let d(m) = 3 - 4*m - m + 4*m + 0. Determine d(0).
3
Let m(b) = -17*b - 5 + 29*b - 13*b - 4. Determine m(-5).
-4
Let i = -107 - -109. Let r(p) = -8*p**2 + 7*p**2 - 2 + i*p + 5*p + 0. Give r(7).
-2
Let y(q) = -q**3 - 16*q**2 - 15*q + 1. Suppose 10*l - 24*l - 210 = 0. What is y(l)?
1
Suppose 15*d - 82 = 56*d. Let x(v) = -2*v + 2. What is x(d)?
6
Let m = -31 + 28. Let h = m - 0. Let d be 1/(h/(-15)*-1). Let g(b) = b**2 + 7*b + 6. Calculate g(d).
-4
Let d(o) = -3*o + 25 - 6*o + 7 + 6 + 7*o. Give d(15).
8
Let u(j) = 4*j + 27. Let h(r) = 9*r + 58. Let y(n) = -6*h(n) + 13*u(n). Suppose 0*o - o = 4*x - 11, 2*x = 3*o - 5. Determine y(o).
-3
Let s(i) be the first derivative of -5*i**3/6 - 9*i**2/2 + 21*i - 6. Let f(c) be the first derivative of s(c). What is f(-7)?
26
Suppose 1 = 2*t - 15. Let r(m) = 2 + t*m + 0 + 1 - 7 - m**2. What is r(6)?
8
Let z(c) = c**2 + 2*c - 5. Suppose 0 = -2*g + 8, 2*s + 2*g = -3*s + 68. Suppose f = 5*f - s, -2*p + f = 35. Let b = p + 11. What is z(b)?
10
Let b(t) = -9*t**2 + 10 - 11 + 7*t + 10*t**2. Give b(-8).
7
Let x(o) = o + 4*o + 23 + 8 - 32. Determine x(3).
14
Let o(a) = a. Let v(g) = 15*g - 3. Let b(j) = -12*o(j) + v(j). Let u(t) = -4*t + 3. Let f(k) = -3*b(k) - 2*u(k). What is f(7)?
-4
Let x = -567 - -564. Let j(z) = z**2 + 6*z + 10. What is j(x)?
1
Let y(i) = 2 + 2 - i + 0*i. Let h be 1/(-2*3/(-12)). Suppose -5*q - 3*s = 2 - 5, 5*q + h*s - 2 = 0. Determine y(q).
4
Suppose -4*o = 3*s - 2*s - 13, 4*s = 5*o - 11. Let n(z) = o + z**3 - 2*z**2 - 2*z + 3*z**2 + 2*z**2. What is n(-4)?
-5
Let h(f) be the first derivative of -3*f**2/2 - 15*f + 199. Give h(-5).
0
Suppose -r - 16 = 3*r. Let a(h) = -h - 15 + 12 - h. Give a(r).
5
Let h(o) = -34*o + 16*o + 16*o - 2*o - o**2 - 4. Suppose 0 = w + w + 8. Determine h(w).
-4
Let q(z) = 3*z**2 + 6*z - 6. Let v(a) = -a + 1. Let s(n) = -7*n + 7. Let g(c) = -s(c) + 6*v(c). Let f(m) = 6*g(m) - q(m). Determine f(-2).
-12
Suppose u - 2 = -u. Suppose -j + 5 = 0, j - 30 + 7 = -3*m. Let s be m + -2 - 8 - u. Let c(q) = -q + 2. Give c(s).
7
Let r(q) be the second derivative of -q**3/6 - q**2/2 + 6*q. Let d(p) = p. Let a(w) = -3*d(w) - 4*r(w). Determine a(0).
4
Let d(x) be the second derivative of -2*x**3/3 - 5*x**2/2 - 3*x - 2. Calculate d(-9).
31
Let u(z) be the third derivative of 7/6*z**3 - 1/60*z**5 - 7/24*z**4 + 0 - 8*z**2 + 0*z. What is u(-6)?
13
Let g = 1565 + -1561. Let m(h) = h**3 - 7*h**2 + 13*h - 3. Determine m(g).
1
Let h(j) = j. Let k(u) be the first derivative of 7*u**2/2 - 1. Let q(z) = 6*h(z) - k(z). What is q(-3)?
3
Let l(f) = -f**2 - 8*f - 3. Let a(n) = n**2 + n + 1. Let c(w) = -2*a(w) - l(w). What is c(3)?
10
Let d(k) = -7*k**2 + 10*k - 12. Let g(n) = -12*n**2 + 18*n - 23. Let c(x) = 5*d(x) - 3*g(x). Determine c(6).
21
Let b be (144/27)/(-2*(-5)/15). Let k(y) = y - 10. Calculate k(b).
-2
Let k(a) be the third derivative of a**4/6 + a**3/6 + a**2 - 209. Determine k(3).
13
Suppose 4*a - i = 3*i, 4*i - 9 = a. Suppose -30 + 4 = -4*l - 2*y, 0 = -3*y + a. Let n(t) = -t - 3. Determine n(l).
-9
Let y(q) be the third derivative of 5*q**4/24 + 2*q**3/3 + q**2 + 18*q. Calculate y(-4).
-16
Let l(w) = -2*w**3 + 6*w - 3. Let x(i) = 3*i**3 + i**2 - 10*i + 5. Let a(g) = -5*l(g) - 3*x(g). Calculate a(3).
0
Let k(l) = l**2 - 32*l + 43. Let u be k(31). Let w(z) = z**2 - 13*z + 17. Determine w(u).
5
Let b(f) = 2*f + 1. Suppose 2*q - 3*w - 9 = -6*w, 0 = 5*q - w - 65. Calculate b(q).
25
Let c(l) = -l + 1. Let a(z) = z**3 - 3*z**2 - 2*z + 2. Suppose -3*f = 2*i - f, 0 = -f + 4. Let t(x) = i*c(x) + a(x). Determine t(2).
-2
Let i(m) be the first derivative of 2*m**2 - 3*m + 13. Let h be i(1). Let o(w) be the second derivative of -5*w**4/12 - 2*w. Determine o(h).
-5
Let i(s) = -31*s + 135. Let v(b) = 11*b - 47. Let p(k) = -4*i(k) - 11*v(k). Determine p(12).
13
Let i(n) = 2*n**2 + 14*n + 5. Let g(p) = -5 + 2 - p**2 + 0 - 10*p + 3*p. Let d(a) = -5*g(a) - 2*i(a). Determine d(-5).
-5
Let q be (2/3)/(10/(-135)). Let a(v) = -4*v - 32. Calculate a(q).
4
Let t(o) = -o**3 - o**2 - 1. Let q(k) = 2*k**3 + 7*k**2 - k - 1. Suppose -6 = 4*p - 10. Let w(x) = p*q(x) + 3*t(x). What is w(3)?
2
Suppose o - 6 + 27 = 4*d, 6 = -d + 4*o. Let v(w) = w**2 - 10*w + 9. What is v(d)?
-15
Let u(s) be the second derivative of -s**7/2520 - s**6/720 + s**5/60 - 5*s**4/12 - 26*s. Let h(l) be the third derivative of u(l). Give h(-3).
-4
Let q(u) = -4*u**2 - 3*u - 6 + u**3 - 3 + u + 2. Give q(5).
8
Suppose 0 = 5*d, -5*o - d - 48 = -3. Let t(v) = -v**3 - 10*v**2 - 10*v - 2. Calculate t(o).
7
Let u(l) = l + 8. Let v be u(-6). Let k(i) = -2*i - i + i**v - 5 + 0*i**2. Let q be (-114)/(-22) - ((-92)/(-22) + -4). Calculate k(q).
5
Let w(i) = 5 - i**3 - 9*i**2 - 2 - i + 0*i**3 + 5*i**2. Let j be (8*-1)/(0 - -2). Give w(j).
7
Let p(q) = -q**3 + 14*q**2 - 23*q - 9. Let g = 153 + -141. What is p(g)?
3
Let o(k) = 5*k**3 + k + 1. Let y be (-6 + (-7)/(-1))/(1 + -2). What is o(y)?
-5
Let c = 19 + -20. Let o be c*(3 + -2) - 1. Let k(y) = -5*y - 2. What is k(o)?
8
Let m(h) = -h**2 - h + 13. Let u(d) = -d**2 - d. Let i(c) = m(c) - 2*u(c). Let s be ((-4)/(-3))/((-6)/(-9)). Let p = -2 + s. Give i(p).
13
Let p = -2 + -1. Let l(u) = 9*u**3 + 29*u**2 + 3*u - 24. Let z(o) = 10*o**3 + 32*o**2 + 3*o - 26. Let n(x) = 11*l(x) - 10*z(x). What is n(p)?
5
Let m(a) be the third derivative of a**4/12 + 17*a**3/6 - 82*a**2 - a. Determine m(-12).
-7
Let d(k) = -k**2 - 7*k - 6. Let v be (1 + 0)/((-1)/5). Let n be d(v). Let c(b) = -30*b - 54. Let a(r) = 16*r + 30. Let i(p) = -11*a(p) - 6*c(p). Determine i(n).
10
Suppose -3*y = -5*v - 13, -5*v + 9 = 5*y - 26. Suppose y = -3*d, -24 = -4*n + n + 3*d. Let l(f) = n - 7 - 8 - f. Calculate l(-5).
-4
Let x(i) = 8*i**2 + 3*i + i